{"id":41,"date":"2013-01-12T22:31:56","date_gmt":"2013-01-13T04:31:56","guid":{"rendered":"http:\/\/www.remhi.org.gt\/portal\/?page_id=41"},"modified":"2013-04-06T15:48:47","modified_gmt":"2013-04-06T21:48:47","slug":"escribanos","status":"publish","type":"page","link":"https:\/\/www.remhi.org.gt\/portal\/escribanos\/","title":{"rendered":"Escr\u00edbanos"},"content":{"rendered":"<p>Si alguna informaci\u00f3n presente en esta p\u00e1gina es de su inter\u00e9s y quisiera ampliarla, deber\u00e1 comunicarse al Tel. 22850456 Ext. 113. Los horarios de atenci\u00f3n para consulta en oficinas son de lunes a viernes de 9:00 a 16:00 horas.<\/p>\n<p>En la Oficina de Derechos Humanos del Arzobispado de Guatemala recibimos numerosas solicitudes de informaci\u00f3n y con el prop\u00f3sito de brindar un mejor servicio y facilitar su consulta, le pedimos que complete los datos solicitados en el siguiente formulario:<\/p>\n<p>&nbsp;<\/p>\n\n<div class=\"wpcf7 no-js\" id=\"wpcf7-f39-o1\" lang=\"\" dir=\"ltr\" data-wpcf7-id=\"39\">\n<div class=\"screen-reader-response\"><p role=\"status\" aria-live=\"polite\" aria-atomic=\"true\"><\/p> <ul><\/ul><\/div>\n<form action=\"\/portal\/wp-json\/wp\/v2\/pages\/41#wpcf7-f39-o1\" method=\"post\" class=\"wpcf7-form init\" aria-label=\"Formulario de contacto\" novalidate=\"novalidate\" data-status=\"init\">\n<fieldset class=\"hidden-fields-container\"><input type=\"hidden\" name=\"_wpcf7\" value=\"39\" \/><input type=\"hidden\" name=\"_wpcf7_version\" value=\"6.1.5\" \/><input type=\"hidden\" name=\"_wpcf7_locale\" value=\"\" \/><input type=\"hidden\" name=\"_wpcf7_unit_tag\" value=\"wpcf7-f39-o1\" \/><input type=\"hidden\" name=\"_wpcf7_container_post\" value=\"0\" \/><input type=\"hidden\" name=\"_wpcf7_posted_data_hash\" value=\"\" \/><input type=\"hidden\" name=\"_wpcf7_recaptcha_response\" value=\"\" \/>\n<\/fieldset>\n<p>Tu nombre (requerido)\n<\/p>\n<p><span class=\"wpcf7-form-control-wrap\" data-name=\"your-name\"><input size=\"40\" maxlength=\"400\" class=\"wpcf7-form-control wpcf7-text wpcf7-validates-as-required\" aria-required=\"true\" aria-invalid=\"false\" value=\"\" type=\"text\" name=\"your-name\" \/><\/span>\n<\/p>\n<p>Tu Email (requerido)\n<\/p>\n<p><span class=\"wpcf7-form-control-wrap\" data-name=\"your-email\"><input size=\"40\" maxlength=\"400\" class=\"wpcf7-form-control wpcf7-email wpcf7-validates-as-required wpcf7-text wpcf7-validates-as-email\" aria-required=\"true\" aria-invalid=\"false\" value=\"\" type=\"email\" name=\"your-email\" \/><\/span>\n<\/p>\n<p>Asunto\n<\/p>\n<p><span class=\"wpcf7-form-control-wrap\" data-name=\"your-subject\"><input size=\"40\" maxlength=\"400\" class=\"wpcf7-form-control wpcf7-text\" aria-invalid=\"false\" value=\"\" type=\"text\" name=\"your-subject\" \/><\/span>\n<\/p>\n<p>Tu Mensaje\n<\/p>\n<p><span class=\"wpcf7-form-control-wrap\" data-name=\"your-message\"><textarea cols=\"40\" rows=\"10\" maxlength=\"2000\" class=\"wpcf7-form-control wpcf7-textarea\" aria-invalid=\"false\" name=\"your-message\"><\/textarea><\/span>\n<\/p>\n<p><input class=\"wpcf7-form-control wpcf7-submit has-spinner\" type=\"submit\" value=\"Enviar\" \/>\n<\/p><div class=\"wpcf7-response-output\" aria-hidden=\"true\"><\/div>\n<\/form>\n<\/div>\n\n","protected":false},"excerpt":{"rendered":"<p>Si alguna informaci\u00f3n presente en esta p\u00e1gina es de su inter\u00e9s y quisiera ampliarla, deber\u00e1 comunicarse al Tel. 22850456 Ext. 113. Los horarios de atenci\u00f3n para consulta en oficinas son &#8230;<\/p>\n","protected":false},"author":1,"featured_media":0,"parent":0,"menu_order":0,"comment_status":"closed","ping_status":"open","template":"","meta":{"saved_in_kubio":false,"jetpack_post_was_ever_published":false,"footnotes":""},"class_list":["post-41","page","type-page","status-publish","hentry"],"kubio_ai_page_context":{"short_desc":"","purpose":"general"},"jetpack_sharing_enabled":true,"jetpack_shortlink":"https:\/\/wp.me\/P9gm4t-F","jetpack_likes_enabled":true,"jetpack-related-posts":[{"id":121,"url":"https:\/\/www.remhi.org.gt\/portal\/","url_meta":{"origin":41,"position":0},"title":"Presentaci\u00f3n","author":"admin","date":"8 abril, 2014","format":false,"excerpt":"\u00a0 Para que todos lo sepan. Palabras de Monse\u00f1or Juan Jos\u00e9 Gerardi\u00a0 que nos empujan a hacer nuestro mejor esfuerzo por dar a conocer la verdad desde las v\u00edctimas quienes con su testimonio nos brindaron la oportunidad de reconstruir una parte de nuestra historia que no queremos repetir. Es por\u2026","rel":"","context":"Entrada similar","block_context":{"text":"Entrada similar","link":""},"img":{"alt_text":"","src":"https:\/\/i0.wp.com\/www.remhi.org.gt\/portal\/wp-content\/uploads\/2014\/04\/remhi_loguito.jpg?resize=350%2C200","width":350,"height":200},"classes":[]},{"id":169,"url":"https:\/\/www.remhi.org.gt\/portal\/17-aniversario\/","url_meta":{"origin":41,"position":1},"title":"17 aniversario","author":"admin","date":"8 abril, 2015","format":false,"excerpt":"","rel":"","context":"Entrada similar","block_context":{"text":"Entrada similar","link":""},"img":{"alt_text":"Descarga el afiche","src":"https:\/\/i0.wp.com\/www.remhi.org.gt\/portal\/wp-content\/uploads\/2015\/04\/17aniv_ico-228x300.jpg?resize=350%2C200","width":350,"height":200},"classes":[]},{"id":199,"url":"https:\/\/www.remhi.org.gt\/portal\/18-aniversario\/","url_meta":{"origin":41,"position":2},"title":"18 aniversario","author":"admin","date":"12 abril, 2016","format":false,"excerpt":"","rel":"","context":"Entrada similar","block_context":{"text":"Entrada similar","link":""},"img":{"alt_text":"Descarga el afiche","src":"https:\/\/i0.wp.com\/www.remhi.org.gt\/portal\/wp-content\/uploads\/2016\/04\/Afiche-_2016.jpg?resize=350%2C200","width":350,"height":200},"classes":[]},{"id":144,"url":"https:\/\/www.remhi.org.gt\/portal\/centro-de-la-memoria-monsenor-juan-gerardi\/","url_meta":{"origin":41,"position":3},"title":"Centro de la Memoria \u00abMonse\u00f1or Juan Gerardi\u00bb","author":"admin","date":"18 julio, 2014","format":false,"excerpt":"Centro de la Memoria \"Monse\u00f1or Juan Gerardi\" Descargar el afiche","rel":"","context":"Entrada similar","block_context":{"text":"Entrada similar","link":""},"img":{"alt_text":"afiche_centroMemoria_ico","src":"https:\/\/i0.wp.com\/www.remhi.org.gt\/portal\/wp-content\/uploads\/2014\/07\/afiche_centroMemoria_ico-225x300.jpg?resize=350%2C200","width":350,"height":200},"classes":[]}],"_links":{"self":[{"href":"https:\/\/www.remhi.org.gt\/portal\/wp-json\/wp\/v2\/pages\/41","targetHints":{"allow":["GET"]}}],"collection":[{"href":"https:\/\/www.remhi.org.gt\/portal\/wp-json\/wp\/v2\/pages"}],"about":[{"href":"https:\/\/www.remhi.org.gt\/portal\/wp-json\/wp\/v2\/types\/page"}],"author":[{"embeddable":true,"href":"https:\/\/www.remhi.org.gt\/portal\/wp-json\/wp\/v2\/users\/1"}],"replies":[{"embeddable":true,"href":"https:\/\/www.remhi.org.gt\/portal\/wp-json\/wp\/v2\/comments?post=41"}],"version-history":[{"count":4,"href":"https:\/\/www.remhi.org.gt\/portal\/wp-json\/wp\/v2\/pages\/41\/revisions"}],"predecessor-version":[{"id":81,"href":"https:\/\/www.remhi.org.gt\/portal\/wp-json\/wp\/v2\/pages\/41\/revisions\/81"}],"wp:attachment":[{"href":"https:\/\/www.remhi.org.gt\/portal\/wp-json\/wp\/v2\/media?parent=41"}],"curies":[{"name":"wp","href":"https:\/\/api.w.org\/{rel}","templated":true}]}}